late -2123 - -2083 - (-32 - 0).
-8
What is the value of 17 + (-45 - (-21 - -24)) + 20?
-11
Evaluate -15 + 12 + -1 + -6 - (1080 - 1154).
64
Evaluate 61 + 19 + -14 - (99 - 84).
51
What is the value of 18 - ((464 - 471) + (0 - 99))?
124
Calculate 0 + 11 + 139 + -149 - (-1 + -11).
13
Calculate (-26 + 14 - 49) + 20 + 18.
-23
What is the value of (-38 - 27) + -8 + -4 - (-6 + -2) - -3?
-66
Calculate -4 - 85 - (24 - ((-23 - -43) + -6)).
-99
What is 12 + -1 + (59 - (56 - -26))?
-12
What is (-63 - -25) + 6 - -17?
-15
(-91 + 50 - -64) + -5
18
What is -59 + 0 - (0 + 13 - (-266 - -266))?
-72
-45 + -16 + (64 + -69 - (-3 + -13))
-50
(-54 - 2) + 39 - -35
18
(2 + -10 - -2) + -1604 + 1626
16
What is -11 + 1 + -58 - (362 + -326)?
-104
Calculate (-36 - (-28 + 11) - -9) + (-1 - -25).
14
What is the value of (22 - (-21 - -24)) + -49 + 8?
-22
Evaluate -116 + (-52 - (38 - 56)) + 27 + -4.
-127
What is the value of 7 - ((-50 - -4) + -24)?
77
Calculate (-83 - -78 - -30) + 1 + -15.
11
Calculate (3 - (1 - (-40 + 14))) + -26.
-50
Evaluate (-28 - 0) + (-75 - -62 - -13) + (0 - -10).
-18
What is the value of -2 + (51 - -18 - (19 - 1) - (-1 - -9))?
41
What is -91 - (-43 - (21 + -4))?
-31
What is the value of 9 + 16 + (28 + -3 - (-15 + 20) - 9)?
36
What is the value of 59 + (-65 - -59) + -105?
-52
Evaluate 27 + -69 + 17 - ((-7 - -4) + 6).
-28
37 + 1 + (7 - 15 - 2) + 13
41
Calculate -4 + 7 + 88 + 62 + -65.
88
Calculate (11 - 4 - (-8 - 13)) + (-11 - -24).
41
(-3 - (-21 - -42) - -40) + -23
-7
What is the value of (-85 - -190) + (-25 - 29)?
51
Evaluate 2 + 14 - (7 + -17 + -10 + 30).
6
Calculate 1 + 20 + (-20 + 39 + 9 - 38) - 45.
-34
What is the value of 50 + 4 + -78 + -44?
-68
Evaluate 2 + 102 + -2 - ((34 - 73) + 49 + -4).
96
Calculate -2 + 12 + -1 + -54 + -189 + 177.
-57
-269 - (-93 - (-61 - -114))
-123
Calculate (-6 - ((5 - 23) + 6)) + 15 - -17.
38
What is the value of -74 - -59 - (5 + (5 - (-2 - -1 - -9)))?
-17
Calculate (9 - 11 - (-10 + -1) - -3) + 8 + -49.
-29
What is the value of (-2 - 2) + (12 - 137) - (-662 + 666)?
-133
16557 + -16619 - (-6 - (0 - 0))
-56
What is the value of 4 + (13 - 0) - (-7 - (1 - (0 + 7)))?
18
What is -64 + 182 + -61 + -121?
-64
Calculate -2 - ((2 - -15 - (16 + -8)) + -14 + -46).
49
What is the value of 2 - ((-11 + (47 - -10) - 13) + -2)?
-29
-2 + -6 + (-32 - (-20 + 2))
-22
What is the value of 16 + -3 + (-43 - -38) + -89?
-81
What is (-6 - -5) + 17 + 2 + 105 + -31?
92
253 + -168 + (-5 - (-1 - (4 - 5)))
80
(5 - (-2 - 3 - 8)) + (233 - 295)
-44
What is -12 - (-39 - 2 - (-33 - -14))?
10
What is the value of -21 - -5 - (13 + (-76 - -11))?
36
Calculate 2 + -56 + -4 - (284 - 305).
-37
Evaluate -2 - (8 + 0 + (6 - 7)) - (17 - 29).
3
What is 6 + (21 + -7 - -5) + -61?
-36
Calculate 1 + (-3 - 1) + -7 - (-26 - (-137 + 43)).
-78
Calculate 2 + -47 - (23 + -29 + (-5 - -15 - 6)).
-43
Evaluate -49 + -22 + 3 + 8 + 20.
-40
Evaluate 107 + -65 - 1 - -8.
49
Evaluate -275 + 205 - (0 + 1) - 28.
-99
What is -18 + 16 - (-1 + 2 + 2 + (35 - 75))?
35
-12 + 16 - (-190 - -150)
44
Evaluate (-34 - -11 - 9) + 11.
-21
Calculate (-26 + 1 - -83 - 29) + -37.
-8
Evaluate (-23 - (-33 - -53)) + (5 - -161).
123
What is -25 - (13 + (-10 - -7) - -1)?
-36
Calculate (5 - -14) + (-48 - -99) - (-2 + (-2 - -1)).
73
(47 - -122) + -98 - (-1 + 2)
70
Calculate -53 - (41 + -39) - (-7 - 7).
-41
-51 - 8 - (61 + -188)
68
-46 + (11 - 3) + (-111 - -98)
-51
-46 + 30 + -160 + 132 + -3 + 7 + 8
-32
Calculate 67 + -92 + (16 - -2 - -1) - (57 + 1).
-64
-19 + 108 + -55 + -20
14
-1 + (11 + (-22 - -6) - -4) + 7
5
Evaluate -14 - 9 - (-21 - (21 - -59)).
78
-28 + -8 + (4 - -16) + -9 + 3
-22
Evaluate -23 - (41 - 41 - 36).
13
Evaluate -11 + (-11 - 1) + 7 + 102 - -5.
91
What is (-2 - 66 - (74 + -88)) + (8 - 3) + -5?
-54
What is -7 + 43 + (-2 - -18) + -1 + -1 + -3?
47
What is the value of -12 + (24 - -5 - (28 + -12))?
1
-101 + (9 - -36) - -61
5
What is the value of -5 - (-21 + -18 + 26) - 23?
-15
Evaluate (10 - 137) + 140 + (-2 - (-41 + 0)).
52
Calculate -62 - -95 - (4 + 19) - -128.
138
What is the value of 75 + (-64 - -29) + 15 + 7 + 0?
62
What is the value of 58 + 0 + 5 + 0?
63
Calculate (-1 - 19) + (7 + -278 - -258).
-33
-96 + (-59 - -240) + 57
142
What is 14 + -30 - (-16 + 2 + -48)?
46
Evaluate 6 + -27 - (-57 + 38 + 36).
-38
What is -66 + (57 - (67 + -48))?
-28
What is the value of ((2 - -3) + (0 - 3) - (15 - 15)) + 6?
8
What is (-11 - -28) + -27 + 24 + 7?
21
What is the value of (-19 - (-1 + 1)) + (152 - 202 - -59) + 13?
3
Evaluate 29 - (0 + 2) - (-2659 - -2655).
31
Evaluate -372 + 298 + 50 + -9.
-33
Calculate (-1 - -37) + (-29 - -46) + -12 - 12.
29
What is the value of -14 + -3 - (-14 - 25)?
22
What is -3 + 1 - (415 + -414)?
-3
What is (5 - (24 + -19)) + 2 + -5 + 2?
-1
Calculate 79 + -27 + 2 + -26.
28
Calculate 79 + -227 + 95 + 129.
76
Evaluate (-19 - -38) + -35 - -9 - -18.
11
Evaluate 29 - (-3 + -8 + 6 + (0 - 6)).
40
42 + (-127 - -123 - (10 - 1)) + 7
36
6 + 2 - (-5 - (14 + -10 + -8)) - 18
-9
What is the value of (-26 - (54 + -4)) + 118?
42
What is -27 + 25 + (-19 - 0 - -14)?
-7
What is the value of -499 - -494 - ((-31 + 9 - (1 + -5)) + 2)?
11
-16 + 38 + 16 + (2 - (4 + 4))
32
What is -47 + 16 + -3 + -25 + 6?
-53
Calculate (-8 - 25) + 22 - (-1 + -24).
14
What is 45 - (-4 + -2) - ((-5 - (13 - 11)) + 0)?
58
What is (-13 + 0 - -40 - -6) + 12 + -3?
42
Evaluate (63 - (6 + -3)) + -125 + 103.
38
Calculate (-66 - 5) + -13 - -75.
-9
-28 + (-19 + -5 - 9 - -43)
-18
What is -57 + -14 + 43 + 81?
53
What is the value of 7 - (2 - (-2 + 3)) - (11 + -4 + -52)?
51
What is 2 - (-47 - (36 - 14) - (-3 - -2))?
70
Calculate -20 + (74 - -14) - (-2 - (6 - 34)).
42
Calculate (-5 - 0) + (3136 - 3007).
124
Calculate 60 - 56 - (2 - (23 - 0)).
25
What is -162 - (-52 + 92 + -70)?
-132
What is the value of -635 + 636 + 71 + (1 - (-2 - -1)) - 7?
67
-24 - (-23 - (7 + -38))
-32
Calculate 0 + 6 + 24 + -4 + -10 + -4.
12
-10 + 13 + 2 + -8 + 26 - 21
2
Calculate 14 - (46 + (7 - 29)).
-10
Calculate 19 - (-94 - (5 - 118)).
0
Evaluate 30 + (37 - (-17 - (-24 + -60))).
0
What is the value of 6 - ((-30 - -8) + (75 - 1))?
-46
What is the value of -1678 - -1658 - (1 - 0 - 36)?
15
(55 - 39) + 15 - (1 - -26)
4
What is 1 + -12 - (27 + -22 + -1 + -18 + 14)?
-11
What is -25641 + 25632 + 1 + 89 + -1?
80
What is -2 + (4 - -7 - 31) + 35?
13
2 + -8 - (7 - 5) - (-37 - (-9 - -17))
37
Evaluate (134 - 162 - -64) + -121.
-85
Calculate -5 - -15 - 1 - (10 + 12 + 2).
-15
What is the value of -74 + (36 - (0 + -19 - -65))?
-84
Calculate 21 - (-49 - (-15 - 79)).
-24
What is (90 - (20 + 98)) + (1 - 0)?
-27
Evaluate -76 + (231 - 35 - 73).
47
(5 - -16) + (-1 - 19) - (1 - 14)
14
9 + (-19 - (11 - ((0 + 25 - -3) + -6)))
1
What is the value of (31 - (8 + -4)) + (-133 - -145)?
39
13 - (23 + -31 - 17) - -14
52
127 + (65 - 177) - (-1 + 23)
-7
Evaluate (-56 - 1) + -67 + 69 + -12.
-67
Evaluate 34 + 1 - (-32 + 20) - (-2 + -9 + 9).
49
What is -78 + 130 - (-7 - (6 - (1 - 1)))?
65
What is -4 + 2 - (447 + -451)?
2
Evaluate -15 - ((77 - -11) + (36 + -10 - 12)).
-117
Evaluate (29 + (-83 + 15 - -35) - (-94 - 0)) + 8.
98
What is (-1 - -44) + -21 - (8 + -7 + 65)?
-44
(8 - 2) + -2 - (5557 - 5521)
-32
What is the value of 0 - ((61 - 32) + -32)?
3
-28 - ((20 - (-15 + 26)) + -23)
-14
What is (19 - 2) + (18 + 20 - 54) - -69?
70
What is 9 + -21 + 44 + 36 - -23?
91
What is (-1 - (-3 - -49)) + 1 + 1 + (-470 - -462)?
-53
What is 19 + -4 + -9 + 1 + 53 - (5 - -3)?
52
What is (-15 - 176 - -59) + 74?
-58
What is the value of (-1 - ((-6 - -8) + -12 - -3)) + -54?
-48
What is -43 + (-6 - -36) - (-14 + 0) - 37?
-36
Calculate -146 - -130 - (-1 + -3 - (-5 + 12)).
-5
-50 + (35 - 3) + 133 + -3 - (11 - 0)
101
Evaluate -29 + (20 - 48) - -29.
-28
What is the value of 0 + 15 + (23 - (-43 + 41))?
40
Evaluate 2 + 134 - 143 - (-17 + 2 + -3).
11
Calculate -93 - (-47 - (-31 + 44)).
-33
What is the value of 66 - (77 + -148 + 58)?
79
What is the value of -1 - -3 - -54 - (22 - -1 - 10)?
43
What is -1 + (-11 - -2) + -76 + 159 + -90?
-17
-1 - (0 + -5) - -34 - (7 + -24 + 16)
39
What is the value of 3 + 2 + -86 + 17?
-64
What is the value of -21 + 29 + 29 + -9 + -4 + -77?
-53
Calculate -60 + -2 + -7 - (10 - (-7 + 16 + -7)).
-77
Evaluate 29 - (-24 + 52 + -21).
22
Calculate 41 + 2 + (-27 + 15 + -1 - -15 - 7).
38
Calculate -114 - (63 + -106) - 